{"id":10,"date":"2012-08-16T21:50:30","date_gmt":"2012-08-16T21:50:30","guid":{"rendered":"http:\/\/plussoluciones.com\/web\/?page_id=10"},"modified":"2019-05-29T17:11:38","modified_gmt":"2019-05-29T22:11:38","slug":"nosotros","status":"publish","type":"page","link":"https:\/\/plussoluciones.com\/web\/nosotros\/","title":{"rendered":"Nosotros"},"content":{"rendered":"<p style=\"text-align: justify;\"><a href=\"http:\/\/plussoluciones.com\/web\/wp-content\/uploads\/2012\/08\/equipo-de-trabajo.png\"><img decoding=\"async\" class=\"alignright size-medium wp-image-44\" title=\"equipo de trabajo\" src=\"http:\/\/plussoluciones.com\/web\/wp-content\/uploads\/2012\/08\/equipo-de-trabajo-300x148.png\" alt=\"\" width=\"300\" height=\"148\" srcset=\"https:\/\/plussoluciones.com\/web\/wp-content\/uploads\/2012\/08\/equipo-de-trabajo-300x148.png 300w, https:\/\/plussoluciones.com\/web\/wp-content\/uploads\/2012\/08\/equipo-de-trabajo.png 648w\" sizes=\"(max-width: 300px) 100vw, 300px\" \/><\/a>Somos una empresa joven con una meta fija de crecer dia a dia brindando un gran servicio de calidad tanto a usuarios como a empresas. Hemos dado pasos agigantados por empresas de telefonia, es por eso que contamos con capacidad y profesionalismo para poder brindar un servicio de calidad \u00a0que el usuario tanto merece.<\/p>\n<h2>Misi\u00f3n<\/h2>\n<p style=\"text-align: justify;\">Apoyar el Avance y Crecimiento del Comercio Electr\u00f3nico como pilar fundamental de la econom\u00eda internacional y uno de los medios tecnol\u00f3gicos mas importantes para el desarrollo de la regi\u00f3n, creando e implementando productos y servicios de alta calidad, al mismo tiempo que contribuyen con la protecci\u00f3n del medio ambiente, brindando un completo apoyo en todos los procesos de implementaci\u00f3n en cada una de nuestra soluciones.<\/p>\n<h2>Visi\u00f3n<\/h2>\n<p style=\"text-align: justify;\">Ser para el a\u00f1o 2024 una de las principales Empresas Proveedoras de Servicios Inform\u00e1ticos en Streaming, hosting y telefon\u00eda IP, conformando un equipo de escala nacional, vanguardista y con miras a una internacionalizaci\u00f3n en los pr\u00f3ximos 7 a\u00f1os, trabajando con profesionalismo, calidad y compromiso.<\/p>\n","protected":false},"excerpt":{"rendered":"<p>Somos una empresa joven con una meta fija de crecer dia a dia brindando un gran servicio de calidad tanto a usuarios como a empresas. Hemos dado pasos agigantados por empresas de telefonia, es por eso que contamos con capacidad y profesionalismo para poder brindar un servicio de calidad \u00a0que el usuario tanto merece. Misi\u00f3n [&hellip;]<\/p>\n","protected":false},"author":1,"featured_media":0,"parent":0,"menu_order":0,"comment_status":"closed","ping_status":"closed","template":"","meta":{"_exactmetrics_skip_tracking":false,"_exactmetrics_sitenote_active":false,"_exactmetrics_sitenote_note":"","_exactmetrics_sitenote_category":0,"footnotes":""},"yoast_head":"<!-- This site is optimized with the Yoast SEO plugin v24.5 - https:\/\/yoast.com\/wordpress\/plugins\/seo\/ -->\n<title>Nosotros - Plus Soluciones<\/title>\n<meta name=\"description\" content=\"Somos una empresa joven con una meta fija de crecer dia a dia brindando un gran servicio de calidad tanto a usuarios como a empresas del sector tecnologico\" \/>\n<meta name=\"robots\" content=\"index, follow, max-snippet:-1, max-image-preview:large, max-video-preview:-1\" \/>\n<link rel=\"canonical\" href=\"https:\/\/plussoluciones.com\/web\/nosotros\/\" \/>\n<meta property=\"og:locale\" content=\"es_ES\" \/>\n<meta property=\"og:type\" content=\"article\" \/>\n<meta property=\"og:title\" content=\"Nosotros - Plus Soluciones\" \/>\n<meta property=\"og:description\" content=\"Somos una empresa joven con una meta fija de crecer dia a dia brindando un gran servicio de calidad tanto a usuarios como a empresas del sector tecnologico\" \/>\n<meta property=\"og:url\" content=\"https:\/\/plussoluciones.com\/web\/nosotros\/\" \/>\n<meta property=\"og:site_name\" content=\"Plus Soluciones\" \/>\n<meta property=\"article:modified_time\" content=\"2019-05-29T22:11:38+00:00\" \/>\n<meta property=\"og:image\" content=\"http:\/\/plussoluciones.com\/web\/wp-content\/uploads\/2012\/08\/equipo-de-trabajo-300x148.png\" \/>\n<meta name=\"twitter:card\" content=\"summary_large_image\" \/>\n<meta name=\"twitter:label1\" content=\"Tiempo de lectura\" \/>\n\t<meta name=\"twitter:data1\" content=\"1 minuto\" \/>\n<script type=\"application\/ld+json\" class=\"yoast-schema-graph\">{\"@context\":\"https:\/\/schema.org\",\"@graph\":[{\"@type\":\"WebPage\",\"@id\":\"https:\/\/plussoluciones.com\/web\/nosotros\/\",\"url\":\"https:\/\/plussoluciones.com\/web\/nosotros\/\",\"name\":\"Nosotros - Plus Soluciones\",\"isPartOf\":{\"@id\":\"https:\/\/plussoluciones.com\/web\/#website\"},\"primaryImageOfPage\":{\"@id\":\"https:\/\/plussoluciones.com\/web\/nosotros\/#primaryimage\"},\"image\":{\"@id\":\"https:\/\/plussoluciones.com\/web\/nosotros\/#primaryimage\"},\"thumbnailUrl\":\"http:\/\/plussoluciones.com\/web\/wp-content\/uploads\/2012\/08\/equipo-de-trabajo-300x148.png\",\"datePublished\":\"2012-08-16T21:50:30+00:00\",\"dateModified\":\"2019-05-29T22:11:38+00:00\",\"description\":\"Somos una empresa joven con una meta fija de crecer dia a dia brindando un gran servicio de calidad tanto a usuarios como a empresas del sector tecnologico\",\"breadcrumb\":{\"@id\":\"https:\/\/plussoluciones.com\/web\/nosotros\/#breadcrumb\"},\"inLanguage\":\"es\",\"potentialAction\":[{\"@type\":\"ReadAction\",\"target\":[\"https:\/\/plussoluciones.com\/web\/nosotros\/\"]}]},{\"@type\":\"ImageObject\",\"inLanguage\":\"es\",\"@id\":\"https:\/\/plussoluciones.com\/web\/nosotros\/#primaryimage\",\"url\":\"http:\/\/plussoluciones.com\/web\/wp-content\/uploads\/2012\/08\/equipo-de-trabajo-300x148.png\",\"contentUrl\":\"http:\/\/plussoluciones.com\/web\/wp-content\/uploads\/2012\/08\/equipo-de-trabajo-300x148.png\"},{\"@type\":\"BreadcrumbList\",\"@id\":\"https:\/\/plussoluciones.com\/web\/nosotros\/#breadcrumb\",\"itemListElement\":[{\"@type\":\"ListItem\",\"position\":1,\"name\":\"Home\",\"item\":\"https:\/\/plussoluciones.com\/web\/\"},{\"@type\":\"ListItem\",\"position\":2,\"name\":\"Nosotros\"}]},{\"@type\":\"WebSite\",\"@id\":\"https:\/\/plussoluciones.com\/web\/#website\",\"url\":\"https:\/\/plussoluciones.com\/web\/\",\"name\":\"Plus Soluciones\",\"description\":\"Soluciones a tu alcance\",\"publisher\":{\"@id\":\"https:\/\/plussoluciones.com\/web\/#organization\"},\"potentialAction\":[{\"@type\":\"SearchAction\",\"target\":{\"@type\":\"EntryPoint\",\"urlTemplate\":\"https:\/\/plussoluciones.com\/web\/?s={search_term_string}\"},\"query-input\":{\"@type\":\"PropertyValueSpecification\",\"valueRequired\":true,\"valueName\":\"search_term_string\"}}],\"inLanguage\":\"es\"},{\"@type\":\"Organization\",\"@id\":\"https:\/\/plussoluciones.com\/web\/#organization\",\"name\":\"Plus Soluciones\",\"url\":\"https:\/\/plussoluciones.com\/web\/\",\"logo\":{\"@type\":\"ImageObject\",\"inLanguage\":\"es\",\"@id\":\"https:\/\/plussoluciones.com\/web\/#\/schema\/logo\/image\/\",\"url\":\"https:\/\/plussoluciones.com\/web\/wp-content\/uploads\/2012\/08\/logo.jpg\",\"contentUrl\":\"https:\/\/plussoluciones.com\/web\/wp-content\/uploads\/2012\/08\/logo.jpg\",\"width\":\"400\",\"height\":\"39\",\"caption\":\"Plus Soluciones\"},\"image\":{\"@id\":\"https:\/\/plussoluciones.com\/web\/#\/schema\/logo\/image\/\"}}]}<\/script>\n<!-- \/ Yoast SEO plugin. -->","yoast_head_json":{"title":"Nosotros - Plus Soluciones","description":"Somos una empresa joven con una meta fija de crecer dia a dia brindando un gran servicio de calidad tanto a usuarios como a empresas del sector tecnologico","robots":{"index":"index","follow":"follow","max-snippet":"max-snippet:-1","max-image-preview":"max-image-preview:large","max-video-preview":"max-video-preview:-1"},"canonical":"https:\/\/plussoluciones.com\/web\/nosotros\/","og_locale":"es_ES","og_type":"article","og_title":"Nosotros - Plus Soluciones","og_description":"Somos una empresa joven con una meta fija de crecer dia a dia brindando un gran servicio de calidad tanto a usuarios como a empresas del sector tecnologico","og_url":"https:\/\/plussoluciones.com\/web\/nosotros\/","og_site_name":"Plus Soluciones","article_modified_time":"2019-05-29T22:11:38+00:00","og_image":[{"url":"http:\/\/plussoluciones.com\/web\/wp-content\/uploads\/2012\/08\/equipo-de-trabajo-300x148.png","type":"","width":"","height":""}],"twitter_card":"summary_large_image","twitter_misc":{"Tiempo de lectura":"1 minuto"},"schema":{"@context":"https:\/\/schema.org","@graph":[{"@type":"WebPage","@id":"https:\/\/plussoluciones.com\/web\/nosotros\/","url":"https:\/\/plussoluciones.com\/web\/nosotros\/","name":"Nosotros - Plus Soluciones","isPartOf":{"@id":"https:\/\/plussoluciones.com\/web\/#website"},"primaryImageOfPage":{"@id":"https:\/\/plussoluciones.com\/web\/nosotros\/#primaryimage"},"image":{"@id":"https:\/\/plussoluciones.com\/web\/nosotros\/#primaryimage"},"thumbnailUrl":"http:\/\/plussoluciones.com\/web\/wp-content\/uploads\/2012\/08\/equipo-de-trabajo-300x148.png","datePublished":"2012-08-16T21:50:30+00:00","dateModified":"2019-05-29T22:11:38+00:00","description":"Somos una empresa joven con una meta fija de crecer dia a dia brindando un gran servicio de calidad tanto a usuarios como a empresas del sector tecnologico","breadcrumb":{"@id":"https:\/\/plussoluciones.com\/web\/nosotros\/#breadcrumb"},"inLanguage":"es","potentialAction":[{"@type":"ReadAction","target":["https:\/\/plussoluciones.com\/web\/nosotros\/"]}]},{"@type":"ImageObject","inLanguage":"es","@id":"https:\/\/plussoluciones.com\/web\/nosotros\/#primaryimage","url":"http:\/\/plussoluciones.com\/web\/wp-content\/uploads\/2012\/08\/equipo-de-trabajo-300x148.png","contentUrl":"http:\/\/plussoluciones.com\/web\/wp-content\/uploads\/2012\/08\/equipo-de-trabajo-300x148.png"},{"@type":"BreadcrumbList","@id":"https:\/\/plussoluciones.com\/web\/nosotros\/#breadcrumb","itemListElement":[{"@type":"ListItem","position":1,"name":"Home","item":"https:\/\/plussoluciones.com\/web\/"},{"@type":"ListItem","position":2,"name":"Nosotros"}]},{"@type":"WebSite","@id":"https:\/\/plussoluciones.com\/web\/#website","url":"https:\/\/plussoluciones.com\/web\/","name":"Plus Soluciones","description":"Soluciones a tu alcance","publisher":{"@id":"https:\/\/plussoluciones.com\/web\/#organization"},"potentialAction":[{"@type":"SearchAction","target":{"@type":"EntryPoint","urlTemplate":"https:\/\/plussoluciones.com\/web\/?s={search_term_string}"},"query-input":{"@type":"PropertyValueSpecification","valueRequired":true,"valueName":"search_term_string"}}],"inLanguage":"es"},{"@type":"Organization","@id":"https:\/\/plussoluciones.com\/web\/#organization","name":"Plus Soluciones","url":"https:\/\/plussoluciones.com\/web\/","logo":{"@type":"ImageObject","inLanguage":"es","@id":"https:\/\/plussoluciones.com\/web\/#\/schema\/logo\/image\/","url":"https:\/\/plussoluciones.com\/web\/wp-content\/uploads\/2012\/08\/logo.jpg","contentUrl":"https:\/\/plussoluciones.com\/web\/wp-content\/uploads\/2012\/08\/logo.jpg","width":"400","height":"39","caption":"Plus Soluciones"},"image":{"@id":"https:\/\/plussoluciones.com\/web\/#\/schema\/logo\/image\/"}}]}},"_links":{"self":[{"href":"https:\/\/plussoluciones.com\/web\/wp-json\/wp\/v2\/pages\/10"}],"collection":[{"href":"https:\/\/plussoluciones.com\/web\/wp-json\/wp\/v2\/pages"}],"about":[{"href":"https:\/\/plussoluciones.com\/web\/wp-json\/wp\/v2\/types\/page"}],"author":[{"embeddable":true,"href":"https:\/\/plussoluciones.com\/web\/wp-json\/wp\/v2\/users\/1"}],"replies":[{"embeddable":true,"href":"https:\/\/plussoluciones.com\/web\/wp-json\/wp\/v2\/comments?post=10"}],"version-history":[{"count":9,"href":"https:\/\/plussoluciones.com\/web\/wp-json\/wp\/v2\/pages\/10\/revisions"}],"predecessor-version":[{"id":261,"href":"https:\/\/plussoluciones.com\/web\/wp-json\/wp\/v2\/pages\/10\/revisions\/261"}],"wp:attachment":[{"href":"https:\/\/plussoluciones.com\/web\/wp-json\/wp\/v2\/media?parent=10"}],"curies":[{"name":"wp","href":"https:\/\/api.w.org\/{rel}","templated":true}]}}